
Let i(h) be the second derivative of 1/3*h**3 + 0 - 4*h - h**2. Suppose 10 = -4*y + 6*y. Calculate i(y).
8
Let o(u) be the first derivative of u**4/4 + 5*u**3/3 + 2*u**2 - 5*u + 8. Give o(-4).
-5
Let t(p) = 7*p**2 + 16*p + 13. Let w(m) = 3*m**2 + 8*m + 6. Let i(q) = -2*t(q) + 5*w(q). Let j = -7 + 2. What is i(j)?
-11
Suppose 4 = -a + 10. Let f(i) = -2*i**2 + a*i - 138 + 135 - 3*i. Calculate f(2).
-5
Let k be 9/5 + (-13)/(-65). Suppose i + 4 = -4*m, 4*m - k*i - 8 = -0. Let s(w) = -w**3 - w + 9. What is s(m)?
9
Let i = -15 - -12. Let t(r) = r**3 + 4*r**2 + r - 4. What is t(i)?
2
Let o(q) = 2*q**2 - 7*q. Let k(z) = -z + 1. Let f be k(-4). Calculate o(f).
15
Let n(l) = 7*l**3 - 2*l + 1. Let u(h) = -4*h**2 + 4*h + 1 + h**2 - 2*h**3 + h**3 - 2*h. Let x be u(-3). Let b(w) = w + 6. Let z be b(x). What is n(z)?
6
Let i(q) = -q**3 - q**2 + q + 7. Let f be i(0). Let z = -7 + f. Let r(b) = 2*b - 1 + 2 + z*b + 0. Calculate r(-5).
-9
Suppose 4*p = -46 + 22. Let t(k) = -2*k - 6. Give t(p).
6
Let t(v) = -v**3 - 12*v**2 - 12*v - 9. Let b be t(-11). Let j(o) = 10*o + 2*o**b - 6*o - 3*o**2 + 3*o - 3. What is j(6)?
3
Let q(m) = -m + 6. Suppose -3*v + 4*d = 4, -d - 3 = -4*v - 4. Let f = 0 + v. Give q(f).
6
Suppose -5*g + 6 = -6*g. Let p(y) = y**2 + 6*y - 1. Calculate p(g).
-1
Let x(w) be the second derivative of 1/6*w**3 + 0 + 6*w + 0*w**4 + 1/2*w**2 - 1/20*w**5. What is x(0)?
1
Let w(x) be the first derivative of -x**6/360 + x**5/120 - x**4/4 + x**3/3 + 1. Let n(h) be the third derivative of w(h). Calculate n(0).
-6
Let y = 150 - 288. Let a = 78 + y. Let v be (-4)/6 - a/(-18). Let s(u) = u**3 + 6*u**2 + 4*u - 5. Calculate s(v).
11
Let s = 5 - 3. Let p be (3/(-4))/(3/(-8)). Let c(j) = -3*j**p - 7*j**3 + 8*j**3 + 2*j**2. What is c(s)?
4
Let x(j) = j**2 + 6*j - 5. Let r be x(-7). Let v(l) = l + 3 + r*l - 2 - 2*l + l**2. Calculate v(-1).
1
Let k(l) = -2 - 4 - 1 - l. Let i(r) = -r**2 - 1. Let x be i(2). Let o be k(x). Let m(d) = -d**3 - d**2 + 2*d + 2. Give m(o).
2
Let m = -34 - -31. Let v(x) = -1 - 1 + 2*x + x**2 + 2*x. Give v(m).
-5
Let j(o) be the first derivative of -o**3/3 + 2*o**2 - 4*o - 1. Give j(4).
-4
Let u(k) = -k**2 - 2*k + 8. Let o be u(-5). Let w(f) = -2*f - 4. Give w(o).
10
Let h(o) = o**3 - 2*o**3 - o - 9*o**2 + 4*o**2. Suppose -5*g + 3*g - 10 = 0. Give h(g).
5
Suppose -7 = -3*b - 2*c, -4 = 4*c - 0. Let n(g) = g**3 - 6*g**2 + 4*g - 2. Determine n(b).
-17
Let y(w) = w**3 + 10*w**2 - 11*w + 12. Let c be y(-11). Suppose -2*z - 2*z + c = 0. Let g(k) = k**2 - 2*k + 4. What is g(z)?
7
Let c(b) be the third derivative of 6*b**2 + 1/6*b**3 - 1/120*b**6 + 0*b**4 + 0 + 0*b - 1/20*b**5. Suppose -10 = 2*m - 4. Determine c(m).
1
Let z be (-5 - -3)/(-2) + -3. Let c(v) = -v**2 - v + 2. What is c(z)?
0
Suppose 4*p + 16 = -8. Let n(s) = -5*s**3 - 6*s**2 - 5*s + 5. Let b(x) = 10*x**3 + 13*x**2 + 11*x - 11. Let j(d) = p*b(d) - 13*n(d). Determine j(1).
5
Let x(z) = z - 7. Let h = -10 + -20. Let g be h/(-20) + (-3)/2. Determine x(g).
-7
Suppose 3*c = -s - 2, 0 = -2*s - 4*c + 2*c - 8. Let w(n) = 4*n**2 - 6 + n**3 - 2*n - 3*n + 0*n**3. Calculate w(s).
-6
Let f(r) = 3*r**3 - 9*r**2 - 4*r + 1. Let k(c) = -c**3 - c. Let b(m) = -f(m) - 4*k(m). Give b(-8).
-1
Suppose 3*s + 2*i - 11 = 0, s + 4*i + 8 = i. Let z(q) = -q**2 + 7*q - 3. Give z(s).
-3
Let v(u) be the third derivative of 7*u**4/24 - u**2. Let c = 3 + 8. Let h(t) = -20*t + 1. Let x(q) = c*v(q) + 4*h(q). Determine x(3).
-5
Let h(q) = -20*q - 10. Let j(r) = 4*r + 2. Let d(z) = -2*h(z) - 11*j(z). Give d(-2).
6
Let r(y) be the first derivative of y**4/4 - 4*y**3/3 + 5*y**2/2 - 4*y + 4. Calculate r(3).
2
Let c(z) = z**3 + z**2 + z. Let i(h) = -6*h**3 - 2*h**2 - 2*h - 1. Let n(d) = -5*c(d) - i(d). Calculate n(4).
5
Let t(a) = 6*a**3 - a**2 - 3*a - 3. Let q be t(-1). Let g(p) = p**3 + 8*p**2 + 9*p + 5. Give g(q).
-9
Suppose -g + 18 = -5*x - 2*g, -4*x - 2*g = 18. Let v(k) = 3*k**2 - k**2 - 4 + k**2 + k**3 + k. Give v(x).
-7
Let q be 1*6 - (-1 + 2). Let n(g) be the second derivative of -g**5/120 + 7*g**4/24 + g**3/3 + 4*g. Let o(t) be the second derivative of n(t). Determine o(q).
2
Suppose 3*i + 3*b + 2 = -i, 4*b = 4*i + 16. Let u(f) = 3*f**2 + 2*f - 2. Give u(i).
6
Let d(p) = 11*p + 7. Let a(q) = 11*q + 6. Let u(z) = -6*a(z) + 5*d(z). Give u(1).
-12
Let l(d) = 4 + 6*d + 4*d**2 - 6*d**2 + 2*d**2 + d**2. Determine l(-4).
-4
Let s(m) = 7*m**2 - 2*m - 3*m - 3*m**2 + m**3 - 1. Let d = 21 + -26. Let n be s(d). Let q(x) = 4*x**2 + 2*x + 1. Give q(n).
3
Let g(c) = -c + 1. Let z(b) = b**3 - 3*b**2 - 5*b + 1. Suppose 3*a = -2*a. Suppose 3*x - 2*x - 4 = a. Let y be z(x). Calculate g(y).
4
Let q(s) = 143*s - s**2 - 146*s + 2 - 3. Suppose 3*k - 4*k = 3. Give q(k).
-1
Let z(i) be the first derivative of -i**4/4 + 8*i**3/3 + i**2/2 - 3*i - 2. Let r be z(8). Let s(x) = x**3 - 4*x**2 - 8*x + 7. What is s(r)?
-8
Let c be (5/3)/((-4)/(-48)). Suppose 7 = t + 5*d + 2, -2*t + 1 = d. Suppose 4*o + c = -5*s - o, t = -s + 4*o + 1. Let u(b) = 3*b + 3. Give u(s).
-6
Let b be 2/((3 - 4)/(-2)). Let v(f) = -f + 2*f - 5 + 1. Let u be v(b). Let w(a) = a - 7. Determine w(u).
-7
Let l(m) = m**2 + 7*m - 4. Let u(j) = -j**2 + j - 1. Let n(z) = -l(z) + u(z). What is n(-5)?
-17
Let a(s) = -6*s - 2 + 0 - 4 + 3. Calculate a(-2).
9
Suppose -5*o = -25, -r - 2 = -3*o + 5. Let h(t) = 2*t - 3. Let p be h(3). Suppose -r*d + 15 = -p*d. Let q(w) = w**2 + w - 4. What is q(d)?
8
Let r(s) = -s + 29 - 36 - s. Let f be (2/4)/(6/60). Give r(f).
-17
Let l = -5 + 3. Let v(t) = -12*t**2 - 5*t + 11. Let k(m) = 5*m**2 + 2*m - 5. Let c(p) = 7*k(p) + 3*v(p). Determine c(l).
-4
Let m be 2*((-6)/(-4))/(-3). Let b(g) = 40 - 36 - 5*g + 0*g. Let u(k) = k**2 + 4*k - 3. Let s(t) = 3*b(t) + 4*u(t). Give s(m).
3
Let t be 27/(-18)*4/2. Let w(x) = 0*x + 3 + 2*x + x + x**2. Give w(t).
3
Suppose 0*a = -5*a + o + 23, -3*a + 2*o = -11. Let b(j) = -3*j**2 + 6*j + 4. Let w(m) = 4*m**2 - 7*m - 3. Let z(i) = -3*b(i) - 2*w(i). What is z(a)?
-1
Suppose 0*k = 3*k + 27. Let l be 3/k + 28/(-6). Let r(n) = n. Determine r(l).
-5
Suppose 0 = -2*v + v - 2. Let s(r) = 1. Let j(t) = -2*t - 11. Let y(u) = -4*j(u) - 44*s(u). Let o(l) = -9*l. Let i(n) = 5*o(n) + 6*y(n). Determine i(v).
-6
Let h(b) = -b + 3*b**2 - 32 - 5*b**2 + 34. Let g = -7 - -5. Determine h(g).
-4
Let i(o) = -2*o - 2. Let a(r) = -6*r + 1. Let p be a(1). Determine i(p).
8
Let n = -12 + 16. Let l be 0 - -2 - 4 - n. Let v(g) = -g**3 - 5*g**2 + 8*g + 5. Give v(l).
-7
Let z = -2/119 + 143/1428. Let v(j) be the third derivative of 0*j - 7/6*j**3 + 0 - j**2 + 1/120*j**6 + 1/12*j**5 - z*j**4. Determine v(-5).
3
Let w = -9 + 15. Let c(b) = -b**2 + 4*b. What is c(w)?
-12
Let r = 5 - 4. Let w(c) = 0 - r - c**3 - 2*c**2 + 3 + 3*c. Determine w(-2).
-4
Let s(m) = 3*m - 2. Suppose -6 = 8*f - 5*f. Determine s(f).
-8
Let g(t) = 2*t. Let k be 2/(-3) - (-248)/12. Suppose 0 + k = -4*o. Give g(o).
-10
Let l(v) = v**3 - 5*v**2 - 6*v + 3. Let z be l(6). Suppose t - 2 = -z. Let y(j) = 10*j**2 - 1. Determine y(t).
9
Let m = 0 + -4. Let s(t) be the first derivative of t**3/3 + t**2 - t - 8. Calculate s(m).
7
Let b = -2 + 2. Suppose b = 3*d - 0 - 3. Let k(q) = 0*q + 6*q**2 - 1 - q + 2*q + 2*q**2. Give k(d).
8
Let t(p) = -p**3 + 2*p**3 + 0*p - p. Suppose 3*n = n - 4. Determine t(n).
-6
Let q(w) be the third derivative of -w**6/720 + w**5/20 - w**4/24 + 3*w**2. Let s(o) be the second derivative of q(o). Let u be 6/3*5/2. What is s(u)?
1
Let j(d) = d**2 + 6*d + 7. Suppose -2*z - 5*m = 8 - 25, 2*z + 2*m - 2 = 0. Let c = -1 + z. Let o be j(c). Let y(w) = w - 2. Determine y(o).
0
Let s(m) = 3*m**3 + 11*m**2 - 6*m + 11. Let w(u) = 4*u**3 + 16*u**2 - 9*u + 16. Let g(t) = -7*s(t) + 5*w(t). Let p = -5 + 8. Let j = -1 + p. Determine g(j).
1
Suppose -4*x - 8 = -2*x. Let y(i) = -2*i - 6. Let m be y(x). Let t(p) = 2*p + 1. Calculate t(m).
5
Let p(u) = -308 + 7*u + 317 + u + u**2. What is p(-7)?
2
Let o be 35/15 + (-2)/(-3). Let f(k) = 4 - 4 + 4*k - o*k. Let s(w) = -4*w**2 - 2*w + 1. Let u be s(1). Calculate f(u).
-5
Let g(p) = 4 - p**3 + p - 10 - 50*p**2 + 55*p**2. Give g(5).
-1
Suppose -4*y + 1 = -3. Let m(t) = 2*t**2 + 2*t + 3 - t + 0*t**2 - y. Determine m(-2).
8
Let a(w) be the second derivative of -1/12*w**4 + 0 - w + 1/6*w**3 - 1/2*w**2. Let j(k) = 4*k**2 - 8*k + 6. Let z(o) = 5*a(